{"id":273,"date":"2021-03-03T16:38:56","date_gmt":"2021-03-03T21:38:56","guid":{"rendered":"http:\/\/localhost\/pruebas\/wordpress\/?page_id=273"},"modified":"2021-08-17T10:48:56","modified_gmt":"2021-08-17T15:48:56","slug":"puertas-industriales","status":"publish","type":"page","link":"https:\/\/accesstecnologia.co\/?page_id=273","title":{"rendered":"Puertas Industriales"},"content":{"rendered":"\n<hr class=\"wp-block-separator\"\/>\n\n\n\n<div class=\"wp-block-media-text alignwide has-media-on-the-right is-stacked-on-mobile\"><figure class=\"wp-block-media-text__media\"><img loading=\"lazy\" decoding=\"async\" width=\"1024\" height=\"555\" src=\"https:\/\/accesstecnologia.co\/wp-content\/uploads\/2021\/03\/puerta_rapida_pvc-1024x555.jpg\" alt=\"\" class=\"wp-image-274 size-full\" srcset=\"https:\/\/accesstecnologia.co\/wp-content\/uploads\/2021\/03\/puerta_rapida_pvc-1024x555.jpg 1024w, https:\/\/accesstecnologia.co\/wp-content\/uploads\/2021\/03\/puerta_rapida_pvc-300x163.jpg 300w, https:\/\/accesstecnologia.co\/wp-content\/uploads\/2021\/03\/puerta_rapida_pvc-768x416.jpg 768w, https:\/\/accesstecnologia.co\/wp-content\/uploads\/2021\/03\/puerta_rapida_pvc.jpg 1200w\" sizes=\"auto, (max-width: 1024px) 100vw, 1024px\" \/><\/figure><div class=\"wp-block-media-text__content\">\n<p class=\"has-large-font-size\">CORTINAS R\u00c1PIDAS EN PVC<\/p>\n\n\n\n<p>Cortinas autom\u00e1ticas de enrollamiento r\u00e1pido vertical, fabricadas en lona de PVC, ideales para el manejo de alto tr\u00e1fico con un tiempo de operaci\u00f3n muy eficiente. Su uso aplica en cadenas de producci\u00f3n con transporte interno de materias primas, ayudan a reducir la contaminaci\u00f3n y son aptas para instalar en interiores y exteriores.<\/p>\n<\/div><\/div>\n\n\n\n<hr class=\"wp-block-separator\"\/>\n\n\n\n<figure class=\"wp-block-embed is-type-video is-provider-youtube wp-block-embed-youtube wp-embed-aspect-16-9 wp-has-aspect-ratio\"><div class=\"wp-block-embed__wrapper\">\n<iframe loading=\"lazy\" title=\"Cortina R\u00e1pida Industrial En PVC\" width=\"696\" height=\"392\" src=\"https:\/\/www.youtube.com\/embed\/oCO6-bLJtIQ?start=24&#038;feature=oembed\" frameborder=\"0\" allow=\"accelerometer; autoplay; clipboard-write; encrypted-media; gyroscope; picture-in-picture\" allowfullscreen><\/iframe>\n<\/div><\/figure>\n\n\n\n<hr class=\"wp-block-separator\"\/>\n\n\n\n<div class=\"wp-block-media-text alignwide has-media-on-the-right is-stacked-on-mobile\"><figure class=\"wp-block-media-text__media\"><img loading=\"lazy\" decoding=\"async\" width=\"1024\" height=\"555\" src=\"https:\/\/accesstecnologia.co\/wp-content\/uploads\/2021\/03\/cortina_acero_inox-1024x555.jpg\" alt=\"\" class=\"wp-image-281 size-full\" srcset=\"https:\/\/accesstecnologia.co\/wp-content\/uploads\/2021\/03\/cortina_acero_inox-1024x555.jpg 1024w, https:\/\/accesstecnologia.co\/wp-content\/uploads\/2021\/03\/cortina_acero_inox-300x163.jpg 300w, https:\/\/accesstecnologia.co\/wp-content\/uploads\/2021\/03\/cortina_acero_inox-768x416.jpg 768w, https:\/\/accesstecnologia.co\/wp-content\/uploads\/2021\/03\/cortina_acero_inox.jpg 1200w\" sizes=\"auto, (max-width: 1024px) 100vw, 1024px\" \/><\/figure><div class=\"wp-block-media-text__content\">\n<p class=\"has-large-font-size\">CORTINAS MET\u00c1LICAS ENROLLABLES<\/p>\n\n\n\n<p>Fabricadas con flejes de acero inoxidable; de f\u00e1cil operaci\u00f3n y adaptables a cualquier ambiente: Plantas industriales, industria alimentaria, bodegas de almacenaje, sectores comerciales, hospitales.<\/p>\n\n\n\n<p>Brindan seguridad en instalaciones internas o externas y optimizan el espacio.<\/p>\n<\/div><\/div>\n\n\n\n<hr class=\"wp-block-separator\"\/>\n\n\n\n<div class=\"wp-block-media-text alignwide is-stacked-on-mobile\"><figure class=\"wp-block-media-text__media\"><img loading=\"lazy\" decoding=\"async\" width=\"1024\" height=\"555\" src=\"https:\/\/accesstecnologia.co\/wp-content\/uploads\/2021\/03\/puerta_rapida-1-1024x555.jpg\" alt=\"\" class=\"wp-image-276 size-full\" srcset=\"https:\/\/accesstecnologia.co\/wp-content\/uploads\/2021\/03\/puerta_rapida-1-1024x555.jpg 1024w, https:\/\/accesstecnologia.co\/wp-content\/uploads\/2021\/03\/puerta_rapida-1-300x163.jpg 300w, https:\/\/accesstecnologia.co\/wp-content\/uploads\/2021\/03\/puerta_rapida-1-768x416.jpg 768w, https:\/\/accesstecnologia.co\/wp-content\/uploads\/2021\/03\/puerta_rapida-1.jpg 1200w\" sizes=\"auto, (max-width: 1024px) 100vw, 1024px\" \/><\/figure><div class=\"wp-block-media-text__content\">\n<p class=\"has-large-font-size\">CORTINAS R\u00c1PIDAS EN FLEJES DE ALUMINIO<\/p>\n\n\n\n<p>Cortinas autom\u00e1ticas de enrollamiento vertical, fabricadas en flejes de aluminio t\u00e9rmico. Su operaci\u00f3n es totalmente autom\u00e1tica y veloz, garantizando eficiencia y productividad durante el movimiento de cargas entre \u00e1reas de producci\u00f3n y almacenaje; dise\u00f1adas para resistir corrientes fuertes de viento y presiones positivas.<\/p>\n<\/div><\/div>\n\n\n\n<hr class=\"wp-block-separator\"\/>\n\n\n\n<div class=\"wp-block-media-text alignwide has-media-on-the-right is-stacked-on-mobile\"><figure class=\"wp-block-media-text__media\"><img loading=\"lazy\" decoding=\"async\" width=\"1024\" height=\"555\" src=\"https:\/\/accesstecnologia.co\/wp-content\/uploads\/2021\/03\/puertas_deslizantes_industriales-1024x555.jpg\" alt=\"\" class=\"wp-image-282 size-full\" srcset=\"https:\/\/accesstecnologia.co\/wp-content\/uploads\/2021\/03\/puertas_deslizantes_industriales-1024x555.jpg 1024w, https:\/\/accesstecnologia.co\/wp-content\/uploads\/2021\/03\/puertas_deslizantes_industriales-300x163.jpg 300w, https:\/\/accesstecnologia.co\/wp-content\/uploads\/2021\/03\/puertas_deslizantes_industriales-768x416.jpg 768w, https:\/\/accesstecnologia.co\/wp-content\/uploads\/2021\/03\/puertas_deslizantes_industriales.jpg 1200w\" sizes=\"auto, (max-width: 1024px) 100vw, 1024px\" \/><\/figure><div class=\"wp-block-media-text__content\">\n<p class=\"has-large-font-size\">PUERTAS DESLIZANTES EN ACERO  INOXIDABLE<\/p>\n\n\n\n<p>Brindan protecci\u00f3n a las \u00e1reas y el personal en planta de producci\u00f3n y a su vez separan grandes espacios. Su operaci\u00f3n es vers\u00e1til y opcionalmente puede incluir un sistema de evacuaci\u00f3n peatonal.<\/p>\n<\/div><\/div>\n\n\n\n<hr class=\"wp-block-separator\"\/>\n\n\n\n<div class=\"wp-block-media-text alignwide is-stacked-on-mobile\"><figure class=\"wp-block-media-text__media\"><img loading=\"lazy\" decoding=\"async\" width=\"1024\" height=\"555\" src=\"https:\/\/accesstecnologia.co\/wp-content\/uploads\/2021\/03\/puertas_de_impacto-1024x555.jpg\" alt=\"\" class=\"wp-image-283 size-full\" srcset=\"https:\/\/accesstecnologia.co\/wp-content\/uploads\/2021\/03\/puertas_de_impacto-1024x555.jpg 1024w, https:\/\/accesstecnologia.co\/wp-content\/uploads\/2021\/03\/puertas_de_impacto-300x163.jpg 300w, https:\/\/accesstecnologia.co\/wp-content\/uploads\/2021\/03\/puertas_de_impacto-768x416.jpg 768w, https:\/\/accesstecnologia.co\/wp-content\/uploads\/2021\/03\/puertas_de_impacto.jpg 1200w\" sizes=\"auto, (max-width: 1024px) 100vw, 1024px\" \/><\/figure><div class=\"wp-block-media-text__content\">\n<p class=\"has-large-font-size\">PUERTAS PIVOTANTES DE IMPACTO<\/p>\n\n\n\n<p>Nuestras puertas de impacto se caracterizanpor su resistencia, bajo mantenimiento, larga vida de servicio y son utilizadas para alto tr\u00e1fico en sectores industriales y comerciales, algunas incluso; son fabricadas para aplicaciones de refrigeraci\u00f3n y transporte interno de montacargas.<\/p>\n<\/div><\/div>\n\n\n\n<hr class=\"wp-block-separator\"\/>\n\n\n\n<div class=\"wp-block-media-text alignwide has-media-on-the-right is-stacked-on-mobile\"><figure class=\"wp-block-media-text__media\"><img loading=\"lazy\" decoding=\"async\" width=\"1024\" height=\"555\" src=\"https:\/\/accesstecnologia.co\/wp-content\/uploads\/2021\/03\/cortinas_cortafuego-1024x555.jpg\" alt=\"\" class=\"wp-image-292 size-full\" srcset=\"https:\/\/accesstecnologia.co\/wp-content\/uploads\/2021\/03\/cortinas_cortafuego-1024x555.jpg 1024w, https:\/\/accesstecnologia.co\/wp-content\/uploads\/2021\/03\/cortinas_cortafuego-300x163.jpg 300w, https:\/\/accesstecnologia.co\/wp-content\/uploads\/2021\/03\/cortinas_cortafuego-768x416.jpg 768w, https:\/\/accesstecnologia.co\/wp-content\/uploads\/2021\/03\/cortinas_cortafuego.jpg 1200w\" sizes=\"auto, (max-width: 1024px) 100vw, 1024px\" \/><\/figure><div class=\"wp-block-media-text__content\">\n<p class=\"has-large-font-size\">CORTINAS CORTAFUEGO CERTIFICADAS<\/p>\n\n\n\n<p>Cortinas manuales y\/o autom\u00e1ticas de enrollamiento vertical fabricadas en flejes en acero galvanizado con resistencia al fuego hasta tres horas. Evitan la propagaci\u00f3n del fuego, sectorizan las \u00e1reas del incendio y previenen da\u00f1os mayores a otras instalaciones mientras este es controlado totalmente.<\/p>\n<\/div><\/div>\n\n\n\n<hr class=\"wp-block-separator\"\/>\n\n\n\n<div class=\"wp-block-media-text alignwide is-stacked-on-mobile\"><figure class=\"wp-block-media-text__media\"><img loading=\"lazy\" decoding=\"async\" width=\"1024\" height=\"555\" src=\"https:\/\/accesstecnologia.co\/wp-content\/uploads\/2021\/03\/puerta_cortafuego-evacuacion-1024x555.jpg\" alt=\"\" class=\"wp-image-293 size-full\" srcset=\"https:\/\/accesstecnologia.co\/wp-content\/uploads\/2021\/03\/puerta_cortafuego-evacuacion-1024x555.jpg 1024w, https:\/\/accesstecnologia.co\/wp-content\/uploads\/2021\/03\/puerta_cortafuego-evacuacion-300x163.jpg 300w, https:\/\/accesstecnologia.co\/wp-content\/uploads\/2021\/03\/puerta_cortafuego-evacuacion-768x416.jpg 768w, https:\/\/accesstecnologia.co\/wp-content\/uploads\/2021\/03\/puerta_cortafuego-evacuacion.jpg 1200w\" sizes=\"auto, (max-width: 1024px) 100vw, 1024px\" \/><\/figure><div class=\"wp-block-media-text__content\">\n<p class=\"has-large-font-size\">PUERTAS BATIENTES CORTAFUEGO CERTIFICADAS<\/p>\n\n\n\n<p>Brindan protecci\u00f3n a las \u00e1reas y el personal, facilitan la evacuaci\u00f3n y retienen la propagaci\u00f3n del fuego en caso de incendio. Su fabricaci\u00f3n en acero galvanizado genera resistencia, m\u00ednimo mantenimiento y reduce la contaminaci\u00f3n auditiva de los exteriores.<\/p>\n<\/div><\/div>\n\n\n\n<hr class=\"wp-block-separator\"\/>\n","protected":false},"excerpt":{"rendered":"<p>CORTINAS R\u00c1PIDAS EN PVC Cortinas autom\u00e1ticas de enrollamiento r\u00e1pido vertical, fabricadas en lona de PVC, ideales para el manejo de alto tr\u00e1fico con un tiempo de operaci\u00f3n muy eficiente. Su uso aplica en cadenas de producci\u00f3n con transporte interno de materias primas, ayudan a reducir la contaminaci\u00f3n y son aptas para instalar en interiores y<\/p><\/div>\n<div class=\"blog-btn\"><a href=\"https:\/\/accesstecnologia.co\/?page_id=273\" class=\"home-blog-btn\">Leer m\u00e1s<\/a><\/p>\n","protected":false},"author":1,"featured_media":0,"parent":0,"menu_order":0,"comment_status":"closed","ping_status":"closed","template":"","meta":{"footnotes":""},"class_list":["post-273","page","type-page","status-publish","hentry"],"_links":{"self":[{"href":"https:\/\/accesstecnologia.co\/index.php?rest_route=\/wp\/v2\/pages\/273","targetHints":{"allow":["GET"]}}],"collection":[{"href":"https:\/\/accesstecnologia.co\/index.php?rest_route=\/wp\/v2\/pages"}],"about":[{"href":"https:\/\/accesstecnologia.co\/index.php?rest_route=\/wp\/v2\/types\/page"}],"author":[{"embeddable":true,"href":"https:\/\/accesstecnologia.co\/index.php?rest_route=\/wp\/v2\/users\/1"}],"replies":[{"embeddable":true,"href":"https:\/\/accesstecnologia.co\/index.php?rest_route=%2Fwp%2Fv2%2Fcomments&post=273"}],"version-history":[{"count":3,"href":"https:\/\/accesstecnologia.co\/index.php?rest_route=\/wp\/v2\/pages\/273\/revisions"}],"predecessor-version":[{"id":637,"href":"https:\/\/accesstecnologia.co\/index.php?rest_route=\/wp\/v2\/pages\/273\/revisions\/637"}],"wp:attachment":[{"href":"https:\/\/accesstecnologia.co\/index.php?rest_route=%2Fwp%2Fv2%2Fmedia&parent=273"}],"curies":[{"name":"wp","href":"https:\/\/api.w.org\/{rel}","templated":true}]}}