{"id":353,"date":"2021-03-05T10:36:40","date_gmt":"2021-03-05T15:36:40","guid":{"rendered":"http:\/\/localhost\/pruebas\/wordpress\/?page_id=353"},"modified":"2021-08-17T10:33:03","modified_gmt":"2021-08-17T15:33:03","slug":"perfileria-termoacustica","status":"publish","type":"page","link":"https:\/\/accesstecnologia.co\/?page_id=353","title":{"rendered":"Perfiler\u00eda Termoac\u00fastica"},"content":{"rendered":"\n<hr class=\"wp-block-separator\"\/>\n\n\n\n<div class=\"wp-block-media-text alignwide has-media-on-the-right is-stacked-on-mobile\"><figure class=\"wp-block-media-text__media\"><img loading=\"lazy\" decoding=\"async\" width=\"1024\" height=\"555\" src=\"https:\/\/accesstecnologia.co\/wp-content\/uploads\/2021\/03\/perfil_front-1024x555.jpg\" alt=\"\" class=\"wp-image-347 size-full\" srcset=\"https:\/\/accesstecnologia.co\/wp-content\/uploads\/2021\/03\/perfil_front-1024x555.jpg 1024w, https:\/\/accesstecnologia.co\/wp-content\/uploads\/2021\/03\/perfil_front-300x163.jpg 300w, https:\/\/accesstecnologia.co\/wp-content\/uploads\/2021\/03\/perfil_front-768x416.jpg 768w, https:\/\/accesstecnologia.co\/wp-content\/uploads\/2021\/03\/perfil_front.jpg 1200w\" sizes=\"auto, (max-width: 1024px) 100vw, 1024px\" \/><\/figure><div class=\"wp-block-media-text__content\">\n<h3 class=\"wp-block-heading\">ALUMINIO ESPECIAL EXTRUIDO<\/h3>\n\n\n\n<p>Tecnolog\u00eda de punta utilizada en la arquitectura actual denominada \u201cArquitectura Verde\u201d Bio-clim\u00e1tica y sostenible. La perfiler\u00eda termo ac\u00fastica utilizada en ventaner\u00eda y puertas, contiene un elemento que a\u00edsla la transferencia de temperatura, creando mayor eficiencia al interior, reduciendo costos de climatizaci\u00f3n y un bio-clima confortable.<\/p>\n<\/div><\/div>\n\n\n\n<hr class=\"wp-block-separator\"\/>\n\n\n\n<div class=\"wp-block-media-text alignwide is-stacked-on-mobile\"><figure class=\"wp-block-media-text__media\"><img loading=\"lazy\" decoding=\"async\" width=\"1024\" height=\"555\" src=\"https:\/\/accesstecnologia.co\/wp-content\/uploads\/2021\/03\/perfil_termoacustico-1024x555.jpg\" alt=\"\" class=\"wp-image-348 size-full\" srcset=\"https:\/\/accesstecnologia.co\/wp-content\/uploads\/2021\/03\/perfil_termoacustico-1024x555.jpg 1024w, https:\/\/accesstecnologia.co\/wp-content\/uploads\/2021\/03\/perfil_termoacustico-300x163.jpg 300w, https:\/\/accesstecnologia.co\/wp-content\/uploads\/2021\/03\/perfil_termoacustico-768x416.jpg 768w, https:\/\/accesstecnologia.co\/wp-content\/uploads\/2021\/03\/perfil_termoacustico.jpg 1200w\" sizes=\"auto, (max-width: 1024px) 100vw, 1024px\" \/><\/figure><div class=\"wp-block-media-text__content\">\n<h3 class=\"wp-block-heading\">DOBLE ACRISTALAMIENTO<\/h3>\n\n\n\n<p>La conformaci\u00f3n del doble vidrio con su separador interno genera una c\u00e1mara de vac\u00edo que act\u00faa como aislante de temperatura creando as\u00ed mismo una barrera muy efectiva que disminuye la intensidad del ruido; marcando con lo anterior la diferencia entre ventanas y puertas convencionales.<\/p>\n<\/div><\/div>\n\n\n\n<hr class=\"wp-block-separator\"\/>\n\n\n\n<div class=\"wp-block-media-text alignwide has-media-on-the-right is-stacked-on-mobile\"><figure class=\"wp-block-media-text__media\"><img loading=\"lazy\" decoding=\"async\" width=\"1024\" height=\"555\" src=\"https:\/\/accesstecnologia.co\/wp-content\/uploads\/2021\/03\/union_termofusionada-1024x555.jpg\" alt=\"\" class=\"wp-image-349 size-full\" srcset=\"https:\/\/accesstecnologia.co\/wp-content\/uploads\/2021\/03\/union_termofusionada-1024x555.jpg 1024w, https:\/\/accesstecnologia.co\/wp-content\/uploads\/2021\/03\/union_termofusionada-300x163.jpg 300w, https:\/\/accesstecnologia.co\/wp-content\/uploads\/2021\/03\/union_termofusionada-768x416.jpg 768w, https:\/\/accesstecnologia.co\/wp-content\/uploads\/2021\/03\/union_termofusionada.jpg 1200w\" sizes=\"auto, (max-width: 1024px) 100vw, 1024px\" \/><\/figure><div class=\"wp-block-media-text__content\">\n<h3 class=\"wp-block-heading\">AISLAMIENTO T\u00c9RMICO<\/h3>\n\n\n\n<p>Perfiles dise\u00f1ados con uniones termo fusionadas que separan el perfil interior del exterior, creando un \u201ccorte t\u00e9rmico\u201d que reduce la transferencia del fr\u00edo y calor entre los dos; de esta manera se conserva el clima del ambiente interno proporcionando un mejor ahorro de energ\u00eda.<\/p>\n<\/div><\/div>\n\n\n\n<hr class=\"wp-block-separator\"\/>\n","protected":false},"excerpt":{"rendered":"<p>ALUMINIO ESPECIAL EXTRUIDO Tecnolog\u00eda de punta utilizada en la arquitectura actual denominada \u201cArquitectura Verde\u201d Bio-clim\u00e1tica y sostenible. La perfiler\u00eda termo ac\u00fastica utilizada en ventaner\u00eda y puertas, contiene un elemento que a\u00edsla la transferencia de temperatura, creando mayor eficiencia al interior, reduciendo costos de climatizaci\u00f3n y un bio-clima confortable. DOBLE ACRISTALAMIENTO La conformaci\u00f3n del doble vidrio<\/p><\/div>\n<div class=\"blog-btn\"><a href=\"https:\/\/accesstecnologia.co\/?page_id=353\" class=\"home-blog-btn\">Leer m\u00e1s<\/a><\/p>\n","protected":false},"author":1,"featured_media":0,"parent":0,"menu_order":0,"comment_status":"closed","ping_status":"closed","template":"","meta":{"footnotes":""},"class_list":["post-353","page","type-page","status-publish","hentry"],"_links":{"self":[{"href":"https:\/\/accesstecnologia.co\/index.php?rest_route=\/wp\/v2\/pages\/353","targetHints":{"allow":["GET"]}}],"collection":[{"href":"https:\/\/accesstecnologia.co\/index.php?rest_route=\/wp\/v2\/pages"}],"about":[{"href":"https:\/\/accesstecnologia.co\/index.php?rest_route=\/wp\/v2\/types\/page"}],"author":[{"embeddable":true,"href":"https:\/\/accesstecnologia.co\/index.php?rest_route=\/wp\/v2\/users\/1"}],"replies":[{"embeddable":true,"href":"https:\/\/accesstecnologia.co\/index.php?rest_route=%2Fwp%2Fv2%2Fcomments&post=353"}],"version-history":[{"count":1,"href":"https:\/\/accesstecnologia.co\/index.php?rest_route=\/wp\/v2\/pages\/353\/revisions"}],"predecessor-version":[{"id":633,"href":"https:\/\/accesstecnologia.co\/index.php?rest_route=\/wp\/v2\/pages\/353\/revisions\/633"}],"wp:attachment":[{"href":"https:\/\/accesstecnologia.co\/index.php?rest_route=%2Fwp%2Fv2%2Fmedia&parent=353"}],"curies":[{"name":"wp","href":"https:\/\/api.w.org\/{rel}","templated":true}]}}