{"id":356,"date":"2021-03-05T12:01:57","date_gmt":"2021-03-05T17:01:57","guid":{"rendered":"http:\/\/localhost\/pruebas\/wordpress\/?page_id=356"},"modified":"2021-08-20T10:32:23","modified_gmt":"2021-08-20T15:32:23","slug":"accesorios-2","status":"publish","type":"page","link":"https:\/\/accesstecnologia.co\/?page_id=356","title":{"rendered":"Accesorios"},"content":{"rendered":"\n<hr class=\"wp-block-separator\"\/>\n\n\n\n<p class=\"has-medium-font-size\"><strong>CERRADURAS ELECTROMAGN\u00c9TICAS<\/strong><\/p>\n\n\n\n<div class=\"wp-block-media-text alignwide is-stacked-on-mobile\"><figure class=\"wp-block-media-text__media\"><img loading=\"lazy\" decoding=\"async\" width=\"1024\" height=\"555\" src=\"https:\/\/accesstecnologia.co\/wp-content\/uploads\/2021\/03\/adt_120-1024x555.jpg\" alt=\"\" class=\"wp-image-359 size-full\" srcset=\"https:\/\/accesstecnologia.co\/wp-content\/uploads\/2021\/03\/adt_120-1024x555.jpg 1024w, https:\/\/accesstecnologia.co\/wp-content\/uploads\/2021\/03\/adt_120-300x163.jpg 300w, https:\/\/accesstecnologia.co\/wp-content\/uploads\/2021\/03\/adt_120-768x416.jpg 768w, https:\/\/accesstecnologia.co\/wp-content\/uploads\/2021\/03\/adt_120.jpg 1200w\" sizes=\"auto, (max-width: 1024px) 100vw, 1024px\" \/><\/figure><div class=\"wp-block-media-text__content\">\n<p class=\"has-medium-font-size\">ELECTROIM\u00c1N ADT 120<\/p>\n\n\n\n<p>Retenci\u00f3n de 120 lbs.<br>Dimensiones: 90 x 33 x 16 (mm)<\/p>\n<\/div><\/div>\n\n\n\n<hr class=\"wp-block-separator\"\/>\n\n\n\n<div class=\"wp-block-media-text alignwide has-media-on-the-right is-stacked-on-mobile\"><figure class=\"wp-block-media-text__media\"><img loading=\"lazy\" decoding=\"async\" width=\"1024\" height=\"555\" src=\"https:\/\/accesstecnologia.co\/wp-content\/uploads\/2021\/03\/ADT_1200-1024x555.jpg\" alt=\"\" class=\"wp-image-357 size-full\" srcset=\"https:\/\/accesstecnologia.co\/wp-content\/uploads\/2021\/03\/ADT_1200-1024x555.jpg 1024w, https:\/\/accesstecnologia.co\/wp-content\/uploads\/2021\/03\/ADT_1200-300x163.jpg 300w, https:\/\/accesstecnologia.co\/wp-content\/uploads\/2021\/03\/ADT_1200-768x416.jpg 768w, https:\/\/accesstecnologia.co\/wp-content\/uploads\/2021\/03\/ADT_1200.jpg 1200w\" sizes=\"auto, (max-width: 1024px) 100vw, 1024px\" \/><\/figure><div class=\"wp-block-media-text__content\">\n<p class=\"has-medium-font-size\">ELECTROIM\u00c1N ADT 600<\/p>\n\n\n\n<p>Retenci\u00f3n de 600 lbs.<br>Dimensiones: 250 x 42 x 24 (mm)<\/p>\n<\/div><\/div>\n\n\n\n<hr class=\"wp-block-separator\"\/>\n\n\n\n<div class=\"wp-block-media-text alignwide is-stacked-on-mobile\"><figure class=\"wp-block-media-text__media\"><img loading=\"lazy\" decoding=\"async\" width=\"1024\" height=\"555\" src=\"https:\/\/accesstecnologia.co\/wp-content\/uploads\/2021\/03\/ADT_600-1024x555.jpg\" alt=\"\" class=\"wp-image-358 size-full\" srcset=\"https:\/\/accesstecnologia.co\/wp-content\/uploads\/2021\/03\/ADT_600-1024x555.jpg 1024w, https:\/\/accesstecnologia.co\/wp-content\/uploads\/2021\/03\/ADT_600-300x163.jpg 300w, https:\/\/accesstecnologia.co\/wp-content\/uploads\/2021\/03\/ADT_600-768x416.jpg 768w, https:\/\/accesstecnologia.co\/wp-content\/uploads\/2021\/03\/ADT_600.jpg 1200w\" sizes=\"auto, (max-width: 1024px) 100vw, 1024px\" \/><\/figure><div class=\"wp-block-media-text__content\">\n<p class=\"has-medium-font-size\">ELECTROIM\u00c1N ADT 1200<\/p>\n\n\n\n<p>Retenci\u00f3n de 1200 lbs.<br>Dimensiones: 260 x 38 x 65 (mm)<\/p>\n<\/div><\/div>\n\n\n\n<hr class=\"wp-block-separator\"\/>\n\n\n\n<figure class=\"wp-block-gallery columns-3 is-cropped wp-block-gallery-1 is-layout-flex wp-block-gallery-is-layout-flex\"><ul class=\"blocks-gallery-grid\"><li class=\"blocks-gallery-item\"><figure><img loading=\"lazy\" decoding=\"async\" width=\"1024\" height=\"555\" src=\"https:\/\/accesstecnologia.co\/wp-content\/uploads\/2021\/03\/barra_ADT_163H-1024x555.jpg\" alt=\"\" data-id=\"362\" data-full-url=\"https:\/\/accesstecnologia.co\/wp-content\/uploads\/2021\/03\/barra_ADT_163H.jpg\" data-link=\"https:\/\/accesstecnologia.co\/?attachment_id=362\" class=\"wp-image-362\" srcset=\"https:\/\/accesstecnologia.co\/wp-content\/uploads\/2021\/03\/barra_ADT_163H-1024x555.jpg 1024w, https:\/\/accesstecnologia.co\/wp-content\/uploads\/2021\/03\/barra_ADT_163H-300x163.jpg 300w, https:\/\/accesstecnologia.co\/wp-content\/uploads\/2021\/03\/barra_ADT_163H-768x416.jpg 768w, https:\/\/accesstecnologia.co\/wp-content\/uploads\/2021\/03\/barra_ADT_163H.jpg 1200w\" sizes=\"auto, (max-width: 1024px) 100vw, 1024px\" \/><figcaption class=\"blocks-gallery-item__caption\">ADT 163H (resistencia al fuego)<\/figcaption><\/figure><\/li><li class=\"blocks-gallery-item\"><figure><img loading=\"lazy\" decoding=\"async\" width=\"1024\" height=\"555\" src=\"https:\/\/accesstecnologia.co\/wp-content\/uploads\/2021\/03\/barra_ADT_162V-1024x555.jpg\" alt=\"\" data-id=\"361\" data-full-url=\"https:\/\/accesstecnologia.co\/wp-content\/uploads\/2021\/03\/barra_ADT_162V.jpg\" data-link=\"https:\/\/accesstecnologia.co\/?attachment_id=361\" class=\"wp-image-361\" srcset=\"https:\/\/accesstecnologia.co\/wp-content\/uploads\/2021\/03\/barra_ADT_162V-1024x555.jpg 1024w, https:\/\/accesstecnologia.co\/wp-content\/uploads\/2021\/03\/barra_ADT_162V-300x163.jpg 300w, https:\/\/accesstecnologia.co\/wp-content\/uploads\/2021\/03\/barra_ADT_162V-768x416.jpg 768w, https:\/\/accesstecnologia.co\/wp-content\/uploads\/2021\/03\/barra_ADT_162V.jpg 1200w\" sizes=\"auto, (max-width: 1024px) 100vw, 1024px\" \/><figcaption class=\"blocks-gallery-item__caption\">ADT 162V (vertical)<\/figcaption><\/figure><\/li><li class=\"blocks-gallery-item\"><figure><img loading=\"lazy\" decoding=\"async\" width=\"1024\" height=\"555\" src=\"https:\/\/accesstecnologia.co\/wp-content\/uploads\/2021\/03\/barra_ADT_161H-1024x555.jpg\" alt=\"\" data-id=\"360\" data-full-url=\"https:\/\/accesstecnologia.co\/wp-content\/uploads\/2021\/03\/barra_ADT_161H.jpg\" data-link=\"https:\/\/accesstecnologia.co\/?attachment_id=360\" class=\"wp-image-360\" srcset=\"https:\/\/accesstecnologia.co\/wp-content\/uploads\/2021\/03\/barra_ADT_161H-1024x555.jpg 1024w, https:\/\/accesstecnologia.co\/wp-content\/uploads\/2021\/03\/barra_ADT_161H-300x163.jpg 300w, https:\/\/accesstecnologia.co\/wp-content\/uploads\/2021\/03\/barra_ADT_161H-768x416.jpg 768w, https:\/\/accesstecnologia.co\/wp-content\/uploads\/2021\/03\/barra_ADT_161H.jpg 1200w\" sizes=\"auto, (max-width: 1024px) 100vw, 1024px\" \/><figcaption class=\"blocks-gallery-item__caption\">ADT 161H (acero inoxidable)<\/figcaption><\/figure><\/li><\/ul><figcaption class=\"blocks-gallery-caption\"><strong>Cerraduras Antip\u00e1nico<\/strong><\/figcaption><\/figure>\n\n\n\n<hr class=\"wp-block-separator\"\/>\n\n\n\n<div class=\"wp-block-media-text alignwide has-media-on-the-right is-stacked-on-mobile\"><figure class=\"wp-block-media-text__media\"><img loading=\"lazy\" decoding=\"async\" width=\"1024\" height=\"555\" src=\"https:\/\/accesstecnologia.co\/wp-content\/uploads\/2021\/03\/cierrapuertas_ADT_303-1024x555.jpg\" alt=\"\" class=\"wp-image-363 size-full\" srcset=\"https:\/\/accesstecnologia.co\/wp-content\/uploads\/2021\/03\/cierrapuertas_ADT_303-1024x555.jpg 1024w, https:\/\/accesstecnologia.co\/wp-content\/uploads\/2021\/03\/cierrapuertas_ADT_303-300x163.jpg 300w, https:\/\/accesstecnologia.co\/wp-content\/uploads\/2021\/03\/cierrapuertas_ADT_303-768x416.jpg 768w, https:\/\/accesstecnologia.co\/wp-content\/uploads\/2021\/03\/cierrapuertas_ADT_303.jpg 1200w\" sizes=\"auto, (max-width: 1024px) 100vw, 1024px\" \/><\/figure><div class=\"wp-block-media-text__content\">\n<p class=\"has-medium-font-size\">CIERRAPUERTAS ADT 303<\/p>\n\n\n\n<p>\u2022 Cuerpo en aluminio s\u00f3lido maquinado de una sola pieza.<br>\u2022 Montaje sobrepuesto.<br>\u2022 Resortes internos de alta precisi\u00f3n.<br>\u2022 Doble v\u00e1lvula de ajuste para velocidad de cierre inicial y final.<br>\u2022 Acabado en pintura electrost\u00e1tica de color aluminio, opcional anolok o blanco.<br>\u2022 Para trabajo liviano, grado B.<br>\u2022 Aprobaci\u00f3n UL.<br>\u2022 Para puertas de hasta 70 kg de peso.<br>\u2022 Totalmente reversible en puertas derechas o izquierdas.<\/p>\n<\/div><\/div>\n\n\n\n<hr class=\"wp-block-separator\"\/>\n\n\n\n<div class=\"wp-block-media-text alignwide is-stacked-on-mobile\"><figure class=\"wp-block-media-text__media\"><img loading=\"lazy\" decoding=\"async\" width=\"1024\" height=\"555\" src=\"https:\/\/accesstecnologia.co\/wp-content\/uploads\/2021\/03\/cierrapuertas_ADT_536-1024x555.jpg\" alt=\"\" class=\"wp-image-364 size-full\" srcset=\"https:\/\/accesstecnologia.co\/wp-content\/uploads\/2021\/03\/cierrapuertas_ADT_536-1024x555.jpg 1024w, https:\/\/accesstecnologia.co\/wp-content\/uploads\/2021\/03\/cierrapuertas_ADT_536-300x163.jpg 300w, https:\/\/accesstecnologia.co\/wp-content\/uploads\/2021\/03\/cierrapuertas_ADT_536-768x416.jpg 768w, https:\/\/accesstecnologia.co\/wp-content\/uploads\/2021\/03\/cierrapuertas_ADT_536.jpg 1200w\" sizes=\"auto, (max-width: 1024px) 100vw, 1024px\" \/><\/figure><div class=\"wp-block-media-text__content\">\n<p class=\"has-medium-font-size\">CIERRAPUERTAS ADT 536<\/p>\n\n\n\n<p>\u2022 Cuerpo en aluminio s\u00f3lido maquinado de una sola pieza.<br>\u2022 Montaje sobrepuesto.<br>\u2022 Resorte ajustable del #3 hasta el #6.<br>\u2022 Triple v\u00e1lvula de ajuste para velocidad de cierre inicial y final.<br>\u2022 V\u00e1lvula adicional ajustable, para freno de apertura.<br>\u2022 Acabado en pintura electrost\u00e1tica de color aluminio, opcional anolok o blanco.<br>\u2022 Tapa o cubierta externa pl\u00e1stica.<br>\u2022 Para trabajo pesado, grado A.<br>\u2022 Aprobaciones UL, UL 10C y ANSI 156.1<br>\u2022 Para puertas de hasta 110 kg de peso.<br>\u2022 Totalmente reversible en puertas derechas o izquierdas.<\/p>\n<\/div><\/div>\n\n\n\n<hr class=\"wp-block-separator\"\/>\n\n\n\n<div class=\"wp-block-media-text alignwide has-media-on-the-right is-stacked-on-mobile\"><figure class=\"wp-block-media-text__media\"><img loading=\"lazy\" decoding=\"async\" width=\"1024\" height=\"555\" src=\"https:\/\/accesstecnologia.co\/wp-content\/uploads\/2021\/03\/cierrapuertas_invisible_ADT_5367-1024x555.jpg\" alt=\"\" class=\"wp-image-365 size-full\" srcset=\"https:\/\/accesstecnologia.co\/wp-content\/uploads\/2021\/03\/cierrapuertas_invisible_ADT_5367-1024x555.jpg 1024w, https:\/\/accesstecnologia.co\/wp-content\/uploads\/2021\/03\/cierrapuertas_invisible_ADT_5367-300x163.jpg 300w, https:\/\/accesstecnologia.co\/wp-content\/uploads\/2021\/03\/cierrapuertas_invisible_ADT_5367-768x416.jpg 768w, https:\/\/accesstecnologia.co\/wp-content\/uploads\/2021\/03\/cierrapuertas_invisible_ADT_5367.jpg 1200w\" sizes=\"auto, (max-width: 1024px) 100vw, 1024px\" \/><\/figure><div class=\"wp-block-media-text__content\">\n<p class=\"has-medium-font-size\">CIERRAPUERTAS INVISIBLE ADT 537<\/p>\n\n\n\n<p>\u2022 Montaje empotrado entre el marco y la puerta.<br>\u2022 Resortes internos de alta precisi\u00f3n.<br>\u2022 Doble v\u00e1lvula de ajuste para velocidad de cierre inicial y final.<br>\u2022 Cuerpo en aluminio s\u00f3lido maquinado de una pieza.<br>\u2022 Para trabajo liviano.<br>\u2022 Aprobaci\u00f3n UL.<\/p>\n<\/div><\/div>\n\n\n\n<hr class=\"wp-block-separator\"\/>\n","protected":false},"excerpt":{"rendered":"<p>CERRADURAS ELECTROMAGN\u00c9TICAS ELECTROIM\u00c1N ADT 120 Retenci\u00f3n de 120 lbs.Dimensiones: 90 x 33 x 16 (mm) ELECTROIM\u00c1N ADT 600 Retenci\u00f3n de 600 lbs.Dimensiones: 250 x 42 x 24 (mm) ELECTROIM\u00c1N ADT 1200 Retenci\u00f3n de 1200 lbs.Dimensiones: 260 x 38 x 65 (mm) CIERRAPUERTAS ADT 303 \u2022 Cuerpo en aluminio s\u00f3lido maquinado de una sola pieza.\u2022 Montaje<\/p><\/div>\n<div class=\"blog-btn\"><a href=\"https:\/\/accesstecnologia.co\/?page_id=356\" class=\"home-blog-btn\">Leer m\u00e1s<\/a><\/p>\n","protected":false},"author":1,"featured_media":0,"parent":0,"menu_order":0,"comment_status":"closed","ping_status":"closed","template":"","meta":{"footnotes":""},"class_list":["post-356","page","type-page","status-publish","hentry"],"_links":{"self":[{"href":"https:\/\/accesstecnologia.co\/index.php?rest_route=\/wp\/v2\/pages\/356","targetHints":{"allow":["GET"]}}],"collection":[{"href":"https:\/\/accesstecnologia.co\/index.php?rest_route=\/wp\/v2\/pages"}],"about":[{"href":"https:\/\/accesstecnologia.co\/index.php?rest_route=\/wp\/v2\/types\/page"}],"author":[{"embeddable":true,"href":"https:\/\/accesstecnologia.co\/index.php?rest_route=\/wp\/v2\/users\/1"}],"replies":[{"embeddable":true,"href":"https:\/\/accesstecnologia.co\/index.php?rest_route=%2Fwp%2Fv2%2Fcomments&post=356"}],"version-history":[{"count":1,"href":"https:\/\/accesstecnologia.co\/index.php?rest_route=\/wp\/v2\/pages\/356\/revisions"}],"predecessor-version":[{"id":649,"href":"https:\/\/accesstecnologia.co\/index.php?rest_route=\/wp\/v2\/pages\/356\/revisions\/649"}],"wp:attachment":[{"href":"https:\/\/accesstecnologia.co\/index.php?rest_route=%2Fwp%2Fv2%2Fmedia&parent=356"}],"curies":[{"name":"wp","href":"https:\/\/api.w.org\/{rel}","templated":true}]}}